o(w). Determine d(7).
-6
Suppose 4*s - 6 = -3*f + f, -f = s. Let h(k) = 2*k + 9. What is h(f)?
3
Let g(u) be the first derivative of -u**3/3 + 2*u**2 - 17*u - 646. Calculate g(4).
-17
Let d(r) = -20*r + 26*r - 10 - 2*r - r - 2*r. Let j = 7 + -1. Determine d(j).
-4
Let s(a) = -30*a - 52*a - 46*a + 138*a + 1 + 1. Let j(t) = t - 5. Let v be j(6). Determine s(v).
12
Let y(v) = v**2 - 4*v + 3. Let h be -19*4/4 + 1/(-1). Let s = h - -24. Suppose -27 = -5*u - 0*u + 2*n, 24 = 4*u - s*n. Calculate y(u).
8
Let m = -704 - -692. Let j(x) = -73*x - 80*x - 15 + 152*x. Calculate j(m).
-3
Let s(t) be the first derivative of t**6/360 + 7*t**5/120 - 5*t**4/24 - t**3/3 + t**2 + 97. Let y(n) be the third derivative of s(n). What is y(-9)?
13
Let v(y) be the second derivative of -61*y**3/6 - 182*y**2 + 3*y + 388. Calculate v(-6).
2
Let b(q) = q**2 + 15*q + 13. Suppose 5*f = -10, 0 = -4*l + 5*f - 15 - 19. What is b(l)?
-31
Let z(u) be the second derivative of 7/2*u**2 + 1/6*u**3 + 0 + 283*u. Suppose 4*s = -5*b - 18, -3*b = 2*s + 2*b + 4. Calculate z(s).
0
Let t(u) = -33*u**2 + 1420 + 32*u**2 - 8*u - 1298. Calculate t(-16).
-6
Let y(u) = -u - 3*u - 7*u**3 + 1 + 480*u**2 - u - 481*u**2. Let b(o) = o. Let s(t) = -6*b(t) - y(t). Suppose -3*f + 1 = -4*f. Determine s(f).
-6
Let p(c) = 11*c - 3. Suppose 7*r - 9*r + 3*j + 16 = 0, 0 = 5*j. Let w be (-9)/(r + -5) + 1. Calculate p(w).
-25
Let n(q) = q - 10. Let j(r) = -2*r + 15. Let a be -3*((-56)/(-6))/7. Let t(v) = a*j(v) - 7*n(v). Determine t(5).
15
Let y be (((-240)/108)/10)/((-3)/27). Let u(v) = 9*v**2 - 3*v + 5. Calculate u(y).
35
Let x(y) = 5*y**2 + 14*y + 70. Let s(h) = 2*h**2 + 5*h + 24. Let j(z) = -8*s(z) + 3*x(z). Let a be j(6). Let n(u) = 0*u + 5 - u - 5. What is n(a)?
6
Suppose 13 = -5*x - 2. Let y(z) = -7*z + 9. Let w(t) = 2*t - 18. Let u be w(6). Let j(k) = -k + 2. Let h(b) = u*j(b) + y(b). Calculate h(x).
0
Let p(f) = 17*f + 1. Let d(b) = 2*b**2 - 4*b - 9. Let y be d(3). Let h be 2 - (y/1 + 4). Determine p(h).
18
Suppose -1825 = -9*d - 1870. Let r(w) = -4*w**2 + 6*w + 3. Let x(u) = u**3 + u. Let o(g) = -r(g) + x(g). What is o(d)?
-3
Let a be 6 + (-9 - 18/(-12)*(-8)/(-12)). Let v(o) = 2*o**2 - 6. Calculate v(a).
2
Let x(v) = v**2 - v - 7. Let k(l) = -6*l**2 + 16*l + 45. Let r(f) = k(f) + 5*x(f). Give r(-1).
-2
Suppose 39*x + 687848 = 688004. Let v(k) be the second derivative of -5/2*k**2 - k - 2/3*k**3 + 1/6*k**4 + 0. Give v(x).
11
Let w(n) = -n**2 - 5*n - 7. Let x be (-52)/(21/(-72) + (-2)/(-12)). Let j = x - 420. Determine w(j).
-3
Let v(t) be the third derivative of -t**4/6 - 17*t**3/3 - 170188*t**2. Let i be ((-3)/(-1))/((-1)/3). What is v(i)?
2
Suppose 5*b = b - g + 26, -g + 14 = 2*b. Suppose -b*k + k - 5 = 0, -4*a = 2*k - 34. Let f(v) = v**2 - 8*v - 3. Give f(a).
6
Let r(z) = z**2 - 2*z + 4. Let j be r(3). Let f(a) = 12*a + 50. Let k be f(15). Let x(t) = 0 - k*t + 117*t + 112*t + 6. Give x(j).
-1
Let j(w) be the third derivative of w**4/24 - 3*w**3/2 - 82*w**2 + 4*w. What is j(-16)?
-25
Let m(s) be the second derivative of -s**4/4 + 2*s**3/3 + s**2/2 - 1958*s. What is m(5)?
-54
Let n(k) = -60 - 157*k - 167*k + 318*k. Calculate n(-15).
30
Let d(r) = -55*r**2 - r + 1. Let f(v) = 60*v**2 + v - 1. Let a(u) = 3*d(u) + 2*f(u). What is a(-1)?
-43
Let d(q) = 8*q + 4. Let z(b) = -7*b - 3. Let v(y) = -2*d(y) - 3*z(y). Suppose 24*x = 19*x. Suppose -5*a - 24 = -4*l, -2*l = -2*a - x*a - 10. What is v(l)?
6
Suppose 12 - 3 = 3*t. Suppose a = -u + 1, u + t = a - 0*u. Let n(b) = 10*b**a - 3*b + 8*b - 11*b**2 + 5. What is n(5)?
5
Let y(s) be the third derivative of -s**4/24 + s**3/3 + 9*s**2. Suppose -2*h + 5*d - 7 = -38, 3*d = -4*h - 3. Suppose 0 = h*o + o - 32. Calculate y(o).
-6
Let d(z) = z - 1. Let l be (63/(-84))/(3/(-28)). Suppose 4*i + 2*u - 5 = -l, i = 5*u + 27. Determine d(i).
1
Suppose -12*b + 69*b + 22 + 149 = 0. Let k(o) = -o**3 + o**2 + 3*o - 1. Calculate k(b).
26
Let h(i) = 2*i - 3*i - 7*i + i**3 + 2 + 7*i**2. Let g(y) = -10*y - 31. Let f be g(-13). Let w = 91 - f. Calculate h(w).
2
Let g be 581/(-77) - (36/(-30))/((-33)/(-15)). Let o(l) = l**3 + 9*l**2 + 20*l + 46. Give o(g).
4
Let a(z) = z**2 - 7*z + 2. Suppose -47*w - 65 = -60*w. Suppose -37 = -3*o + w*g, -40 = -o - 4*o + 4*g. What is a(o)?
-10
Suppose -24*q + 60 = 12. Let t(k) = k**q + 12 - 5 - 10*k - k. Give t(7).
-21
Let h(i) = 3*i. Let k(f) be the second derivative of -4*f**3/3 - f**2/2 + 5*f. Let y(z) = 11*h(z) + 4*k(z). Calculate y(5).
1
Suppose -8522*w - 5 + 21 = -8514*w. Let f(m) = 3*m**2 + 3*m - 12. Determine f(w).
6
Let r(k) = 11*k**2 + 44*k + 2. Suppose 44*h - 23*h - 13*h + 32 = 0. Give r(h).
2
Let i(z) = -16*z**3 + 11*z**2 - 11*z + 6. Let w be i(3). Let h = w + 360. Let k(a) = a**3 + 2*a**2 + a - 8. What is k(h)?
-8
Suppose 2*y - 5*y + 4 = 2*h, 8 = h + 3*y. Let n(z) = z - 10. Let q(f) = 3. Let t(b) = -7. Let v(g) = -5*q(g) - 2*t(g). Let i(a) = h*v(a) + n(a). Calculate i(0).
-6
Let p be (-4)/18*1 - -116*8/288. Let h(k) = 13*k - 42. Give h(p).
-3
Let b(l) be the second derivative of l**3 - 5*l**2 - 118*l. Let j(q) = 2*q - 4. Let r(z) = 4*b(z) - 10*j(z). Determine r(-3).
-12
Let o(u) = -61*u + u**2 + 219*u - 145*u - 4. Calculate o(-13).
-4
Let j(v) = -2*v**3 - 2*v**2 + 3*v - 15. Let n(g) = 3*g**3 - 4*g + 18. Let i(d) = -4*j(d) - 3*n(d). Give i(8).
6
Let m(n) be the first derivative of 0*n + 34 + 0*n**2 - 17/3*n**3. Give m(-1).
-17
Let k(r) = -45*r - 31. Let c(s) = -11*s - 2. Let l(h) = -4*c(h) + k(h). Determine l(-27).
4
Let m = 20 - 19. Let u be m/((-24)/18)*-4. Let h(v) = -8*v - 3. Give h(u).
-27
Let g(h) be the first derivative of 1/2*h**2 - 65 + 7*h. Determine g(-8).
-1
Let k = 307 + -304. Suppose 5*a = 2*y - 17, -5 = k*a + 4*y - 0. Let d(m) = m**3 + 3*m**2 - m - 2. What is d(a)?
1
Let s(x) = -x**3 - 11*x**2 + 12*x + 7. Let z be s(-12). Let f = 5 - z. Let r(u) = -753 + 17*u - 5*u + 753. Give r(f).
-24
Let v(a) = -2*a**3 - 24*a**2 - 44*a - 1. Let s be v(-2). Let x(w) = -5*w + 2. Let h(n) = -1 - 5*n + 3*n + 4*n. Let d(c) = s*h(c) + 3*x(c). Calculate d(4).
-5
Suppose -2*b = -14, -y = -12*b + 13*b - 12. Let g(x) = x**3 - x**2 - x + 24. Calculate g(y).
119
Let l(d) = d. Suppose -1119 + 139 = -4*s. Let g = 240 - s. What is l(g)?
-5
Let r(t) = -4*t + 21 + 5*t**2 - 17 - 10*t - 4*t**2. Determine r(10).
-36
Let t(k) = -7*k**2 - 78*k - 12. Suppose -4*d + 94*a = 97*a + 26, -2*a = -d - 23. Give t(d).
-1
Let r(m) be the third derivative of -13*m**4/24 + 185*m**3/6 - 892*m**2 + 2. Calculate r(15).
-10
Let c(v) be the third derivative of -v**6/120 + 2*v**5/15 + v**4/8 - 11*v**3/3 + 660*v**2. Determine c(8).
2
Suppose -4*w - 67 = d - 112, 5*d - 45 = -5*w. Let t(k) = 0 - k + 6 - 6 + 8. Determine t(w).
-4
Let i(r) be the second derivative of -r**5/20 - 11*r**4/12 + 10*r**3/3 + 5*r**2 + 2238*r. What is i(-13)?
88
Let b(f) = -f**3 - 17*f**2 - 4*f - 9. Let r(y) = -3*y**3 - 48*y**2 - 10*y - 25. Let z(m) = -8*b(m) + 3*r(m). Calculate z(-9).
60
Let f = 2764 + -2794. Let w(t) = t**3 + 32*t**2 + 59*t - 24. Give w(f).
6
Let h(x) = 7*x + 464. Let k(l) = 8*l + 543. Let f(s) = 7*h(s) - 6*k(s). Suppose -3*q + 10 + 2 = 0. Give f(q).
-6
Let w(p) = -p**2 - 7*p + 2. Let h = -9164 + 9154. Determine w(h).
-28
Let c(t) = -t**2 + 3*t - 1. Let o = 221 + -221. Suppose 28*i - 30*i + 10 = o. Determine c(i).
-11
Let o(b) = 19*b - 1. Let p(d) = -d**3 + 76*d**2 + 496*d - 330. Let l be p(82). Determine o(l).
-39
Let z(l) = -l**2 + 12*l - 28. Suppose -2*w + 5 = 5*n, 4*w = -n + 3 + 16. Let j be z(w). Let x(m) = 0*m + m**2 + 6*m - 2*m**2 + 0*m. Determine x(j).
-7
Let i(l) = -2*l**2 - 1815863 + 907936 + 907941 + 12*l. What is i(7)?
0
Let t(a) = -a**3 - 9*a**2 - 15*a + 6. Suppose 3*u = -4*l - 9 - 8, -4*u + 4 = 0. What is t(l)?
-19
Let c(a) be the third derivative of 1/120*a**6 + 7/60*a**5 - 7/24*a**4 + 0*a + 5/6*a**3 - 144*a**2 + 0. What is c(-8)?
-3
Let m = 624 + -619. Suppose -15*r = -m*i - 12*r - 82, 5*r + 8 = -2*i. Let b(q) = q**3 + 14*q**2 - q - 3. Give b(i).
11
Let s(i) be the third derivative of -i**6/120 + i**5/6 + 11*i**4/24 - i**3/6 + 947*i**2. Let l = -127 - -138. Determine s(l).
-1
Let l(f) = f**2 - 6*f + 9. Let m be l(6). Let r(h) = -h**2 + 20*h - 89. Let d be r(13). Let y(p) = 4 + 0*p + 131*p**2 - 9*p - 130*p**d. Give y(m).
4
Let w be 40/70 + (-17)/(-7). Let z(h) = -3*h**3 + 